163 + 4214433?
4214626
In base 5, what is -23033 - 410324?
-433412
In base 5, what is -213 - -11142344?
11142131
In base 2, what is -11 - 1101101111010001001?
-1101101111010001100
In base 16, what is 4aa3d5 - 18?
4aa3bd
In base 16, what is 755 - -a67?
11bc
In base 8, what is -1560302375 + -5?
-1560302402
In base 6, what is -2113 + 24104431?
24102314
In base 11, what is -9a4720 - 10?
-9a4730
In base 13, what is -1 - -177c5217?
177c5216
In base 4, what is -1033303 - 222302?
-1322211
In base 6, what is -33042332 + 223?
-33042105
In base 14, what is -114699 - a9?
-114764
In base 2, what is 10 - -100001010011110101110101?
100001010011110101110111
In base 13, what is b9 - -2a9a?
2b86
In base 5, what is 41100401 + -2014?
41043332
In base 9, what is -22 + 3650818?
3650786
In base 16, what is -ea0e3 + -19?
-ea0fc
In base 10, what is -184 - -789573?
789389
In base 5, what is -1 - -100011414?
100011413
In base 8, what is -10677367 - 205?
-10677574
In base 8, what is -131 - -267307?
267156
In base 3, what is -1102100000100 + -1111?
-1102100001211
In base 2, what is 1001111000101000 + -1000010011?
1001110000010101
In base 11, what is -75aa2581 - 2?
-75aa2583
In base 14, what is 8 - 76dbc43?
-76dbc39
In base 12, what is 188a334 - -4?
188a338
In base 2, what is 111001011001101010001 + 101110100?
111001011010011000101
In base 9, what is -10 + 52584751?
52584741
In base 6, what is 1355114 - 251?
1354423
In base 14, what is 7b736a6 + -2?
7b736a4
In base 7, what is -2 - -514362?
514360
In base 16, what is 1272 - -13109?
1437b
In base 11, what is -34 - -1404922?
1404899
In base 3, what is 121 - 2210121021002?
-2210121020111
In base 11, what is -83682013 - 4?
-83682017
In base 13, what is -5 + 2511899?
2511894
In base 3, what is 2210110212110102 + 2?
2210110212110111
In base 2, what is 1011101 - -10001011010010010?
10001011011101111
In base 10, what is 1819954 - -26?
1819980
In base 14, what is -4082660 - 1?
-4082661
In base 2, what is -10010100011101000100 + 110101011?
-10010100010110011001
In base 12, what is -218 + 386460?
386244
In base 8, what is -100202 - -235?
-77745
In base 3, what is -11 - -1012000122121222?
1012000122121211
In base 9, what is 5 + -17567728?
-17567723
In base 10, what is -106456 - 1069?
-107525
In base 3, what is 22212112021000 + -10?
22212112020220
In base 8, what is -3501574 - 13?
-3501607
In base 16, what is dbd + ed7b?
fb38
In base 13, what is 66797 - 5?
66792
In base 13, what is 3357a - -202b?
355a8
In base 14, what is -73 - -113a?
10a7
In base 12, what is 4700 + -3955?
967
In base 9, what is -3240 - -550?
-2580
In base 9, what is 100 + 14882748?
14882848
In base 11, what is -5369484 - -2?
-5369482
In base 16, what is aba7d13 - -3?
aba7d16
In base 15, what is b + 18588?
18594
In base 10, what is -3 - 59258911?
-59258914
In base 2, what is 1110111101 - -1110111000001101?
1111000111001010
In base 5, what is -1124 - -1130001202?
1130000023
In base 9, what is 7410714 - 64?
7410640
In base 10, what is -5 - -8217445?
8217440
In base 4, what is -2121 - 2300330112?
-2300332233
In base 6, what is -20240223 + -3513?
-20244140
In base 5, what is 2111302 + 122431?
2234233
In base 12, what is 1029 - 391a5?
-38178
In base 10, what is -531666 + -193?
-531859
In base 14, what is -2 + -3dc97c?
-3dc980
In base 3, what is -1202121022 - -20022012?
-1112022010
In base 4, what is 32300201313020 + 0?
32300201313020
In base 4, what is 2310000 + -11122?
2232212
In base 4, what is 12310112321330 + 30?
12310112322020
In base 5, what is 10202 + -2221?
2431
In base 3, what is 10 + -20221121222221?
-20221121222211
In base 13, what is -1a78 + 368ac?
34b34
In base 15, what is 5 + -281431?
-28142b
In base 7, what is 0 - -114412652?
114412652
In base 4, what is -2230011110120 - 11?
-2230011110131
In base 9, what is -5021 - 18188?
-24220
In base 12, what is 2a184ba + -53?
2a18467
In base 15, what is 1 + 3558b2?
3558b3
In base 4, what is -131 - 312213233?
-312220030
In base 15, what is -2 - -1b32958?
1b32956
In base 7, what is -31054451 - -4?
-31054444
In base 2, what is -101101110110001101000101 + 1111?
-101101110110001100110110
In base 12, what is 77 + -285b987?
-285b910
In base 11, what is -586 + -3920?
-43a6
In base 4, what is -312 - -12211321?
12211003
In base 7, what is -2415610450 + -2?
-2415610452
In base 16, what is -4 + -3ef21d?
-3ef221
In base 4, what is 1020030121030 - 10?
1020030121020
In base 11, what is 3253a22 - 12?
3253a10
In base 15, what is -2e429b + 2?
-2e4299
In base 15, what is -d2d + -13c0?
-21ed
In base 15, what is 745088 + -11?
745077
In base 9, what is 3130770 + -10?
3130760
In base 13, what is -7c4 + 17a0?
ca9
In base 3, what is 210102201100011022 + 10?
210102201100011102
In base 16, what is -4 + d6c7390?
d6c738c
In base 8, what is 1144126 + 12244?
1156372
In base 15, what is 0 - 11c8c2?
-11c8c2
In base 15, what is a2556 + -5?
a2551
In base 8, what is 320633 - 17?
320614
In base 15, what is -1 - 5877a6?
-5877a7
In base 8, what is -6157 + -37321?
-45500
In base 13, what is -c3c + -10b5?
-2024
In base 13, what is -6 - b856b9?
-b856c2
In base 11, what is a3 - a70160?
-a70068
In base 12, what is 0 + -3a18b27?
-3a18b27
In base 11, what is -6558842 - 18?
-655885a
In base 11, what is -39a0 + 55364?
51474
In base 5, what is 10442214311 + -31?
10442214230
In base 9, what is -68 - -218326?
218247
In base 5, what is 0 - 14400113310?
-14400113310
In base 10, what is -2 + -16318670?
-16318672
In base 3, what is 220 + 1100210220100?
1100210221020
In base 10, what is -1260432836 - 4?
-1260432840
In base 16, what is -94b4 + 765?
-8d4f
In base 8, what is 1650715 - 2535?
1646160
In base 5, what is -104303133134 + -10?
-104303133144
In base 3, what is 222112022 + 22000110?
1021112202
In base 16, what is 246ede - 5?
246ed9
In base 10, what is 6225 + -130?
6095
In base 16, what is a4c - 1bf?
88d
In base 11, what is 3 + -749223?
-749220
In base 14, what is -164 - -1d92a2?
1d913c
In base 15, what is e - 4aa2075?
-4aa2066
In base 7, what is 101 + 10146454?
10146555
In base 2, what is 11001000 + -1010100011010001?
-1010100000001001
In base 7, what is -25502044 + 51?
-25501663
In base 14, what is -d83c594 + -2?
-d83c596
In base 12, what is -336142 - 37?
-336179
In base 6, what is -3405121 + 100521?
-3304200
In base 2, what is 110010101001010001111 - 10?
110010101001010001101
In base 9, what is -1 - -5631351?
5631350
In base 7, what is 1 - 24252263?
-24252262
In base 10, what is -72464740 - 3?
-72464743
In base 12, what is 1a7 + -106?
a1
In base 13, what is 288b0669 - 4?
288b0665
In base 7, what is 1460121121 + 13?
1460121134
In base 7, what is 110051 - 1322?
105426
In base 2, what is -10001 - -100010001110111111101?
100010001110111101100
In base 4, what is 3021303 - -13013?
3100322
In base 9, what is 6678345 + -6?
6678338
In base 3, what is 11111121002202011120 - -1?
11111121002202011121
In base 10, what is -227 - 245239?
-245466
In base 4, what is 2132022301 + 31?
2132022332
In base 5, what is -10230 + 141411?
131131
In base 2, what is -1110010111010 + -11110111100111?
-101101010100001
In base 2, what is -11101101001110 + -1110011110?
-11111011101100
In base 12, what is 2871 - 50734?
-49a83
In base 6, what is -3010 - -10052215?
10045205
In base 12, what is 9 - -1161ba03?
1161ba10
In base 8, what is -1107 - 5206?
-6315
In base 9, what is -11057 + -1781?
-12848
In base 3, what is 120 + -1202200000110?
-1202122222220
In base 3, what is -2112210002 + 201?
-2112202101
In base 16, what is -7 - 348db?
-348e2
In base 2, what is 1001001010000110110010 - 1111?
1001001010000110100011
In base 12, what is -255b17 + -218?
-256133
In base 2, what is 111110001111100110000011 - 11?
111110001111100110000000
In base 12, what is 0 - 1112ab4?
-1112ab4
In base 12, what is -1b6a19 + -274?
-1b7091
In base 16, what is 4d27 - -35c9?
82f0
In base 7, what is -2066 - -4351?
2252
In base 3, what is -22001200212022 + -2?
-22001200212101
In base 4, what is 21111221012330 - 0?
21111221012330
In base 13, what is -2 + 2cb64c20?
2cb64c1b
In base 12, what is 0 - -44b8a?
44b8a
In base 6, what is -143 - 231244524?
-231245111
In base 12, what is -41 - -304b6?
30475
In base 8, what is -114 + 71372?
71256
In base 2, what is 1110000001010001100 - -10000001?
1110000001100001101
In base 9, what is -3036710